e -5*g = -3*p + 4420, -4*p + g + 7396 = p. Suppose 4*k - 5*f - 1479 = 0, 4*k = 6*f - 2*f + p. List the prime factors of k.
7, 53
Let q(f) = -f**3 + 15*f**2 - 19*f - 28. Let j(o) = -o**2 - 15*o - 39. Let a be j(-5). List the prime factors of q(a).
13, 19
What are the prime factors of (3744/576)/(2/14844)?
3, 13, 1237
Suppose -12*w + 383 = -133. Suppose 312 = y + w. List the prime factors of y.
269
Let q(k) = 401*k**3 - 12*k**2 + 8*k - 8. What are the prime factors of q(3)?
5, 19, 113
Suppose 14987 = 194*w - 187*w. What are the prime factors of w?
2141
Let d = 261 - 137. Let c = -91 + d. What are the prime factors of c?
3, 11
Let x(a) = -5*a - 42. Suppose -9*i - 15 = -14*i. Let t be (-52)/4*i/3. List the prime factors of x(t).
23
Let m(s) = 17*s**2 - 52*s - 277. What are the prime factors of m(-35)?
2, 3, 233
Suppose 136047 + 168464 = 28*q + 32211. What are the prime factors of q?
5, 389
Let c(p) = 113*p**2 + 4*p + 12. Let q be c(-3). Suppose -331 = -4*y + q. List the prime factors of y.
337
Suppose -11*q + 126 = 38. Suppose 0 = -2*f - 2*n + 1692, -5*n + q*n + 834 = f. What are the prime factors of f?
3, 281
Let l(c) = -c**2 + 7*c - 7. Let m be l(-11). Let q = -41 - m. Suppose 3*k - q = 76. What are the prime factors of k?
2, 5
What are the prime factors of 27*14/(-315)*-33050?
2, 3, 5, 661
Suppose -3*o + 3 = 3. Suppose 5*b + 5*i - 8 = 2, -3*b - i + 6 = o. Suppose 2*p - 160 = -b*p. List the prime factors of p.
2, 5
Let j = 15428 + -2037. What are the prime factors of j?
7, 1913
Let w(b) = 831*b**2 - 3*b + 7. What are the prime factors of w(3)?
7477
Let q(n) = -n**2 - 6*n - 5. Let b = 74 + -77. Let v be q(b). List the prime factors of (24/(-9))/v + 512/3.
2, 5, 17
Let p(m) = -m**2 - 34*m - 23. Let v be (-15)/(-35) - ((-412)/(-14) - 0). List the prime factors of p(v).
2, 61
Suppose 2*u = 3*u, 5*h = -u + 35. Suppose k - h*n + 6*n - 376 = 0, 2*k = -n + 743. List the prime factors of k.
373
Let r(o) = o**2 - 20*o + 93. Let v be r(12). What are the prime factors of 1 + v - (-1271 - -2)?
7, 181
Let j(k) be the third derivative of k**6/60 - 7*k**5/30 + 31*k**4/24 - 3*k**3 + k**2 + 59*k. What are the prime factors of j(10)?
2, 223
Let s = -6088 + 10372. List the prime factors of s/27*(-27)/(-6) + -5.
709
Let c = 167 + -163. Suppose r + c*l + 0*l = 260, 5*r + 3*l = 1232. What are the prime factors of r?
2, 61
Suppose -2*h + 5*h = -2*a + 7, 10 = 3*a + 4*h. Suppose 5*f + a*f = 1904. What are the prime factors of f?
2, 17
Let g(z) = 3621*z - 144. List the prime factors of g(1).
3, 19, 61
Let v be 183 - (8 - 7)/(1/(-2)). Let j = -50 + v. Suppose j = 8*r - 7*r. List the prime factors of r.
3, 5
Let u = 17 + 1257. List the prime factors of (-2)/8 - u/(-8).
3, 53
Suppose -4*f + z + 764 = 0, f = -z - 2*z + 191. Let y = 243 - f. List the prime factors of y.
2, 13
Let o(l) = 2406*l - 632. What are the prime factors of o(4)?
2, 281
List the prime factors of ((-40228)/1808)/(3434/(-3432) + 1).
3, 11, 13, 89
Let y = 223 + -374. Let c = 45 - y. Let k = c - 118. List the prime factors of k.
2, 3, 13
Suppose -17125 = -42*i + 37*i + 2*m, i = -2*m + 3437. What are the prime factors of i?
23, 149
List the prime factors of (-80 - 170/17)*(-74)/5.
2, 3, 37
Let c = 6965 + -3012. List the prime factors of c.
59, 67
Suppose -5*b + 3*j + 10 = 0, -5*j = -2*b + b + 2. Let w be ((1 - 3) + b)*-1. Suppose 0 = 5*n - w*n - 25. What are the prime factors of n?
5
Suppose -17*c - 96 = -5*c. What are the prime factors of ((-1)/c*446)/(5/20)?
223
Suppose 3*d + 12594 = 4*r - 2*d, -5*r = -d - 15732. Suppose -4070 = -8*j + r. What are the prime factors of j?
2, 11, 41
Let h(x) = -3*x**2 - 4*x + 10. Let a(p) = -p**3 - 2*p**2 + p - 4. Let y be a(-3). Let d be h(y). What are the prime factors of (-734)/(-4) + (-15)/d?
5, 37
Let p = 13984 - -25034. What are the prime factors of p?
2, 3, 7, 929
List the prime factors of (-80 + 40267)*(-4)/(-4).
7, 5741
Suppose 84*m - 2063778 = 78222. What are the prime factors of m?
2, 3, 5, 17
Suppose -5*a = -10, 4*m - 5*a - 30970 = -4*a. What are the prime factors of m?
3, 29, 89
Let w(j) = 2*j**2 - 5*j + 7. Let c be w(3). Suppose p + 108 = c*p. What are the prime factors of p/8*(-1792)/(-24)?
2, 7
Suppose -13*z + c = -16*z + 27986, -2*c = -4. List the prime factors of z.
2, 11, 53
Let s = 29923 - 10879. What are the prime factors of s?
2, 3, 23
Let i(c) = 126*c**2 - 89*c + 1500. What are the prime factors of i(14)?
2, 5, 499
Let o(a) = 131*a**2 - 99*a + 45. What are the prime factors of o(-8)?
9221
Let z = -2 + 223. Let y = z + -169. List the prime factors of y.
2, 13
Let y(g) = -g**2 - g - 12. Let k be (210/63)/((-1)/((-6)/(-4))). Let j be y(k). Let q = j + 57. What are the prime factors of q?
5
What are the prime factors of 25*-31736*(-14)/560?
5, 3967
Suppose -8*z - 15 - 65 = 0. Let t be z/25 + (-17)/(-5). Suppose 9*g - t*g = 1200. List the prime factors of g.
2, 5
Suppose -6*c = -2174 + 182. List the prime factors of ((-153)/(-34))/(6/c).
3, 83
Let i = 42 + -41. Let s be ((i - 1) + 1)/1. List the prime factors of -1*s*(-23 - -18).
5
Let k(m) = 77*m - 49. Let q be k(10). Suppose 1154 = 3*v - q. What are the prime factors of v?
5
Suppose -4*s + 32 = 2*o - 2*s, -o + 5*s - 8 = 0. Let a be -2*(-7)/14*(3 - -1). Let d = o + a. What are the prime factors of d?
2
Let z be (-8)/28 - (-30)/7. Suppose 3 = b, z*h + 115 = -2*b + 641. Let s = h - 72. List the prime factors of s.
2, 29
Let x(g) = -21*g**2 + 9*g + 44. Let w be x(7). Let o = 1323 + w. List the prime factors of o.
401
Let l be 1/(-2)*(-3 + 11) + 3. List the prime factors of l/(7/(-7 - 1008)).
5, 29
Let b(j) be the third derivative of 71*j**4/24 - 11*j**3/6 + 17*j**2. Let w be b(5). List the prime factors of w/5 - -2*(-8)/(-80).
3, 23
Let x(w) = 3*w**3 - 10*w**2 - 12*w + 7. Suppose -16 = -4*m + 2*m. Let a be x(m). Suppose 0 = -5*g - 202 + a. What are the prime factors of g?
11
Let t(r) = r**3 + 9*r**2 - 6*r + 31. Let b be (-13 + 10)*3/((-18)/(-14)). What are the prime factors of t(b)?
3, 19
Suppose 4*s - 4*f = -404, 0 = 4*s + f - 0*f + 389. Let x = s + 113. What are the prime factors of (-19 + x)/((-1)/17)?
2, 17
Let x(h) = h**3 + 15*h**2 + 19*h + 12. Let n be -9 + (-10)/(-2) + -5. List the prime factors of x(n).
3, 109
Suppose 3*x + 923835 = 15*y, y - 42*x + 39*x = 61589. List the prime factors of y.
11, 509
Suppose -192 - 333 = 5*p. Let o = 120 + p. Suppose -1645 = -o*y - 295. List the prime factors of y.
2, 3, 5
Let m(g) = -36*g. Let z be m(4). Let n be z/(-32)*(-4)/(-6). Suppose -184 = -4*o + 2*r + 62, -n*o = r - 177. List the prime factors of o.
2, 3, 5
Let m(z) = 297*z**2 - 20*z + 15. List the prime factors of m(3).
2, 3, 73
Let x(g) be the first derivative of 289*g**3/3 + 7*g**2/2 + 7*g + 17. List the prime factors of x(-1).
17
Let x = 48 - 52. Let g = 6 + x. Suppose g*a = 197 + 25. What are the prime factors of a?
3, 37
Suppose -q = 3*o - 7606, -43*o - 12 = -47*o. List the prime factors of q.
71, 107
Let g(v) = 15*v - 1. Let t(r) = -14*r + 2. Let l(h) = -h**2 + 3*h - 2. Let n be l(0). Let k(b) = n*g(b) - 3*t(b). What are the prime factors of k(6)?
2, 17
Suppose u - 336 = -4*g, -g = 3*g - u - 328. Suppose -3*j = -2*j + 31. Let s = g + j. What are the prime factors of s?
2, 13
Let q(z) = 6*z + 153. Let b be q(-26). What are the prime factors of (7/((-28)/(-102)))/(b/(-14))?
7, 17
Suppose 21 + 29 = 5*f. What are the prime factors of 13 - f - 1*-47?
2, 5
Suppose -283 - 1181 = 6*m. Let k = m + 249. What are the prime factors of k?
5
Let d = 6 - -183. Suppose d*y = 193*y - 1224. List the prime factors of y.
2, 3, 17
Suppose 117*f - 110*f - 25585 = 0. What are the prime factors of f?
5, 17, 43
Let j be 0/(-2 - 1 - 3). Suppose 16*u - 15427 + 3731 = j. List the prime factors of u.
17, 43
Suppose -3*r - 4*l - 9 - 7 = 0, -5*r + 2*l + 8 = 0. What are the prime factors of (r + -2)/(3 - 6419/2135)?
5, 61
Suppose 9 = -4*h + 17. Suppose 0 = 2*w + h, 8*p - 3*w = 9*p - 594. List the prime factors of p.
3, 199
Let a(j) = -j**2 + 1 + 0 - 10 - 15*j. Let q be a(-14). Suppose 2*c - 101 = 3*k, -2*c + q*k - 265 = -7*c. List the prime factors of c.
2, 13
Let w(m) = -225*m - 24. Let f be w(-7). Suppose -16*l - f + 11151 = 0. List the prime factors of l.
2, 3, 5
Let i(g) = -7*g**3 - 14*g**2 + 37*g + 88. Let d(c) = 12*c**3 + 28